Let c be d(-48). What is the greatest common factor of c and 2033?
107
Suppose 0 = -3*c, -2*c - 1 = 2*g - 9. Let v be (g/(-10))/(1/(-40)). Let m = 43 - 41. Calculate the greatest common factor of m and v.
2
Suppose -f - 9 - 14 = 0. Let k = f + 63. Suppose o = -4*j + 20, -j - 5 = -2*j - o. What is the highest common factor of j and k?
5
Let d = 33 - 20. Let n(b) = -b**2 - 7*b + 7. Let j be n(-6). What is the greatest common factor of j and d?
13
Suppose 9*w - 341 = -35. Calculate the greatest common divisor of w and 612.
34
Suppose 8*j = 13*j - f - 328, -j - 5*f = -50. What is the greatest common factor of 923 and j?
13
Let d be 2/9*-1 + (-714)/(-54). What is the highest common divisor of 26 and d?
13
Let w(s) = -3*s. Let r be w(-10). Suppose 2*p - 32 = -2*b + 7*p, 5*b - 10 = -5*p. Calculate the greatest common factor of r and b.
6
Let v(c) = -6*c - 2. Let o be v(-4). Suppose 0 = -3*f + 209 + o. Suppose -2*j - j = -4*d + 28, 0 = -5*j. Calculate the highest common factor of d and f.
7
Let c(b) = 14*b**2 - 148*b + 6. Let d be c(11). Calculate the greatest common factor of 342 and d.
18
Let q = -19 + 19. Suppose 2*k + 2*k - 72 = q. Let n be 5/2 - (-5)/(-10). Calculate the highest common divisor of k and n.
2
Suppose 2*r + 5*f - 127 = 0, -5*f + 19 = 3*r - 164. Suppose -112 = 3*q - 7*q. What is the greatest common divisor of q and r?
28
Let a = -1289 + 1985. Calculate the greatest common divisor of 24 and a.
24
Let z(c) = 7*c**2 + 32*c + 20. Let o be z(-5). What is the greatest common factor of 665 and o?
35
Let d be 494 + (3*(-6)/(-18) - -3). Calculate the highest common divisor of 6 and d.
6
Let j = 1191 + -1184. Let c(b) be the first derivative of -6*b**2 - b - 1. Let y be c(-3). Calculate the greatest common divisor of y and j.
7
Suppose -2*h = -w + 217, -2*h - 427 = -2*w - 1. Calculate the greatest common divisor of 19 and w.
19
Let l(v) = 3*v + 168. Let f be l(4). Calculate the highest common factor of 99 and f.
9
Let f = 296 + -116. What is the greatest common factor of 20 and f?
20
Let d(j) = 15*j + 6. Let k be d(-7). Suppose 0 = 5*c + 54 + 191. Let l = c - k. What is the highest common divisor of 5 and l?
5
Suppose 136*t + 54 = 142*t. Calculate the greatest common divisor of t and 1.
1
Let i(b) = -14*b + 42. Let o be i(-13). Suppose w = -7*w + o. Let j = 2 + 2. Calculate the highest common factor of j and w.
4
Let d(w) = -7*w + 8. Let i be d(-2). Calculate the highest common divisor of 297 and i.
11
Let s be (-2 + (6 - 3))*156. Suppose -4*t = -d - s, -4*t + 34 = -5*d - 106. Calculate the greatest common divisor of t and 200.
40
Let d(a) = 4*a + 1. Let o(y) = -y**3 - 5*y**2 + 6. Let n be o(-5). Suppose -n*w - 8 = -10*w. Let g be d(w). What is the highest common divisor of 6 and g?
3
Suppose -5*q = 3*b - 39, 5*q - 4*b - b = 55. Suppose -q*o = -5*o - 176. Calculate the greatest common factor of 22 and o.
22
Let s(x) = x - 3. Let r be s(4). Let d be (-14)/(-28)*28*r. Suppose -3*m - 3*w + 74 = d, 0 = -3*m + 2*w + 60. Calculate the highest common divisor of m and 20.
20
Let q(i) = i + 2. Let z(b) = -b**3 - 5*b**2 + 6*b + 6. Let n be z(-6). Let j be (6 + -15)*(-4)/n. Let o be q(j). What is the highest common divisor of 56 and o?
8
Let r = 11 - 11. Let u(w) = 1 + 3 + 2*w - 4*w + r*w. Let g be u(0). Calculate the highest common factor of g and 8.
4
Suppose c - 3*g + g - 8 = 0, -c + 5*g + 20 = 0. Suppose -6*i = -2*i + 2*y - 68, i + 4*y - 24 = c. Calculate the highest common divisor of 32 and i.
16
Suppose 5*q = -3*r + 922, -1 = -r + 3. Suppose 8*b - q = -5*b. Calculate the greatest common divisor of b and 126.
14
Let u = 72 - -93. Let x = 19 + -19. Suppose -2*q + x = -30. Calculate the highest common factor of u and q.
15
Suppose 2*i + 12 = -i, 0 = 2*h + 2*i - 136. Suppose -3*w = -0*t - t + 22, 3*t - 3*w - h = 0. Let p = -403 - -578. What is the highest common divisor of p and t?
25
Suppose -31 = 9*v - 13*v + z, -47 = -5*v + 4*z. What is the highest common divisor of v and 1?
1
Let p(y) = y**3 + 6*y**2 + 3*y. Let v = 17 + -22. Let q be p(v). Calculate the greatest common divisor of 10 and q.
10
Let i be 96/7*((-531)/(-18) + -19). Let n be 24 + 0 - -1 - 1. Calculate the greatest common divisor of n and i.
24
Suppose 0 = -2*c + 3*d - 37, -5*c + 3*c - 3*d - 67 = 0. Let o be 16/(-104) + (-1954)/c. Suppose -6*v + o = -v. What is the greatest common factor of v and 10?
5
Let v(c) = -2*c**2 - 7*c + 115. Let w be v(-8). Calculate the greatest common divisor of 387 and w.
43
Suppose -1937 = -17*p + 103. Calculate the highest common factor of 300 and p.
60
Suppose 3*j = 4*j. Let w be (j - (-3)/6)*-2. Let c be (1 + w)/1 - -70. Calculate the highest common factor of c and 10.
10
Let p(i) = -2*i**2 - 37*i - 5. Let n be p(-18). Let a be 4/6 + (-154)/(-3). What is the greatest common divisor of n and a?
13
Suppose 23*i + 84 = 29*i. Calculate the highest common factor of i and 4.
2
Suppose -74*h = -5316 - 3342. Calculate the greatest common divisor of h and 52.
13
Let k = 1945 + -1897. What is the highest common factor of k and 64?
16
Let s(p) = p**2 + 11*p + 4. Let d be s(-11). Calculate the highest common factor of d and 4.
4
Suppose 1 + 9 = 2*q. Suppose 0 = -q*x - 0*x + 45. Let z = 14 - x. What is the greatest common divisor of z and 5?
5
Let c = -15 + 35. Suppose 0 = -18*h + c*h - 42. Calculate the highest common divisor of 14 and h.
7
Suppose -h = -5*v - 1, -4*h - v + 26 = v. Let t(k) = -5 + 3 - 6*k + 8*k + h*k. Let s be t(6). What is the highest common divisor of 69 and s?
23
Suppose 33 = 4*o - 27. Let t = o + -12. Suppose -t*s + 396 = -0*s. What is the highest common factor of 12 and s?
12
Let k be 4/(-1) - (-14 + -10). Let s be (-5)/k - (-202)/8. Calculate the highest common factor of s and 5.
5
Let a(p) = 3*p**2 - 3*p - 6. Let m be a(6). Let h be (-12)/(1215/105 - 12). Calculate the greatest common factor of h and m.
28
Let j = 3 - 12. Let z = 1 - j. Suppose 3*h = 4*u + 26, -u = -5*u + 4. Calculate the greatest common divisor of z and h.
10
Suppose -25*b = -31*b + 348. Calculate the highest common factor of 2 and b.
2
Let q be 4/(-10) - 540/(-100). Suppose 4*b - 834 = -3*l, -3*b + q*l - 63 + 703 = 0. Suppose 0 = i - 22 - 8. What is the highest common divisor of b and i?
30
Let s be (-170)/(-8)*(5 + 4 + 3). Calculate the greatest common divisor of s and 153.
51
Let m(j) be the first derivative of 4*j**4 - 2*j**3/3 + 2*j**2 + 6*j + 21. Let h be m(3). Calculate the highest common divisor of h and 48.
48
Let b be (-1)/(4/174)*544/(-48). What is the greatest common divisor of 34 and b?
17
Suppose 5*g - 45 = 5*p, 2*p + 0*g + 2*g + 2 = 0. Let m = p + 8. Suppose -3*q + 30 = -4*h, 0*h + 9 = 3*q + m*h. Calculate the greatest common factor of 24 and q.
6
Let z(j) = 22*j + 14. Let w be z(-5). Let u = 25 - w. Calculate the greatest common divisor of u and 11.
11
Let i = -5 - -7. Suppose 4*k - 34 = 2*l, 0*k - 5*k + 11 = l. Let y = 17 + l. Calculate the highest common divisor of i and y.
2
Suppose -5*m + 4*j = -0*m - 41, 5*m = -4*j + 9. Let u be (-86)/(-18) + (-18)/(-81). Calculate the greatest common divisor of m and u.
5
Let s be (-2)/4*(-160 + 0). Let o be (-148)/(-8) - 78/(-52). Calculate the greatest common factor of o and s.
20
Let k(r) = r**2 - 7. Let d be k(4). Suppose -d = -p - 89. Let z = 155 + p. Calculate the highest common factor of 15 and z.
15
Let l = -8 - -13. Suppose -2*b + l*b = -48. Let q = b + 30. Calculate the highest common factor of 112 and q.
14
Suppose 3*g - 45 - 10 = 5*b, 66 = 2*g + 4*b. Suppose 5*x = g, -p + 3*p - x = -39. Let s = p + 27. Calculate the greatest common divisor of s and 2.
2
Suppose 21*r - 432 = 18*r. What is the greatest common divisor of 12 and r?
12
Let t = -46 + 79. Suppose 27 + t = 4*i. Suppose 0 = -84*y + 78*y + 180. What is the greatest common divisor of i and y?
15
Suppose -12*s = -14*s + 8. Suppose 6 = -s*x + 70. What is the highest common divisor of 128 and x?
16
Let p(h) = -19*h - 3. Suppose 0*r - 4*r = 4. Let l be p(r). What is the greatest common factor of l and 2?
2
Let x(n) = -n**3 - 5*n**2 - 4*n + 4. Let s be x(-4). Let r be 238/26 - s/26. Let c be (-8)/(-36) + 25/r. Calculate the highest common factor of c and 21.
3
Suppose 5*i = 4*m + 75, -2*i - 3*m = -7*i + 75. Let j(t) = -7*t + 10. Let x be j(0). Calculate